{"id":981,"date":"2014-10-28T15:57:45","date_gmt":"2014-10-28T15:57:45","guid":{"rendered":"http:\/\/shaolinqigong.pl\/?page_id=981"},"modified":"2017-07-03T16:27:58","modified_gmt":"2017-07-03T16:27:58","slug":"rou-quan","status":"publish","type":"page","link":"http:\/\/shaolinqigong.pl\/?page_id=981","title":{"rendered":"Rou quan"},"content":{"rendered":"<p><a href=\"http:\/\/shaolinqigong.pl\/wp-content\/uploads\/2014\/10\/SHAOLI\u0143SKI-MNICH-SHI-DE-LIN.pdf\">SHAOLI\u0143SKI MNICH SHI DE LIN<\/a><\/p>\n<p><a href=\"http:\/\/shaolinqigong.pl\/wp-content\/uploads\/2014\/10\/SHAOLIN-ROU-QUAN-YI-LU-cz\u0119\u015b\u0107-pierwsza.pdf\">SHAOLIN ROU QUAN YI LU cz\u0119\u015b\u0107 pierwsza<\/a><\/p>\n<p><a href=\"http:\/\/shaolinqigong.pl\/wp-content\/uploads\/2017\/07\/ROU-QUAN-YI-LU-CZ\u0118\u015a\u0106-DRUGA.pdf\">ROU QUAN YI LU CZ\u0118\u015a\u0106 DRUGA<\/a><\/p>\n<p><a href=\"http:\/\/shaolinqigong.pl\/wp-content\/uploads\/2014\/10\/SHAOLIN-ROU-QUAN-ER-LU.pdf\">SHAOLIN ROU QUAN ER LU<\/a><\/p>\n","protected":false},"excerpt":{"rendered":"<p>SHAOLI\u0143SKI MNICH SHI DE LIN SHAOLIN ROU QUAN YI LU cz\u0119\u015b\u0107 pierwsza ROU QUAN YI LU CZ\u0118\u015a\u0106 DRUGA SHAOLIN ROU QUAN ER LU<\/p>\n","protected":false},"author":2,"featured_media":0,"parent":38,"menu_order":3,"comment_status":"closed","ping_status":"closed","template":"","meta":[],"_links":{"self":[{"href":"http:\/\/shaolinqigong.pl\/index.php?rest_route=\/wp\/v2\/pages\/981"}],"collection":[{"href":"http:\/\/shaolinqigong.pl\/index.php?rest_route=\/wp\/v2\/pages"}],"about":[{"href":"http:\/\/shaolinqigong.pl\/index.php?rest_route=\/wp\/v2\/types\/page"}],"author":[{"embeddable":true,"href":"http:\/\/shaolinqigong.pl\/index.php?rest_route=\/wp\/v2\/users\/2"}],"replies":[{"embeddable":true,"href":"http:\/\/shaolinqigong.pl\/index.php?rest_route=%2Fwp%2Fv2%2Fcomments&post=981"}],"version-history":[{"count":4,"href":"http:\/\/shaolinqigong.pl\/index.php?rest_route=\/wp\/v2\/pages\/981\/revisions"}],"predecessor-version":[{"id":1458,"href":"http:\/\/shaolinqigong.pl\/index.php?rest_route=\/wp\/v2\/pages\/981\/revisions\/1458"}],"up":[{"embeddable":true,"href":"http:\/\/shaolinqigong.pl\/index.php?rest_route=\/wp\/v2\/pages\/38"}],"wp:attachment":[{"href":"http:\/\/shaolinqigong.pl\/index.php?rest_route=%2Fwp%2Fv2%2Fmedia&parent=981"}],"curies":[{"name":"wp","href":"https:\/\/api.w.org\/{rel}","templated":true}]}}