{"id":1538,"date":"2022-10-22T10:22:21","date_gmt":"2022-10-22T10:22:21","guid":{"rendered":"http:\/\/shaolinqigong.pl\/?page_id=1538"},"modified":"2023-07-07T19:34:49","modified_gmt":"2023-07-07T19:34:49","slug":"shaolin-qigong-nei-jin-yi-zhi-chan","status":"publish","type":"page","link":"http:\/\/shaolinqigong.pl\/?page_id=1538","title":{"rendered":"SHAOLIN QIGONG NEI JIN YI ZHI CHAN"},"content":{"rendered":"\n<div class=\"wp-block-file\"><a id=\"wp-block-file--media-3ad69343-2a65-4c49-9bcf-19ad5544aca0\" href=\"http:\/\/shaolinqigong.pl\/wp-content\/uploads\/2022\/10\/SHAOLIN-NEI-JIN-YI-ZHI-CHAN-cz.pdf\">SHAOLIN-NEI-JIN-YI-ZHI-CHAN-cz<\/a><a href=\"http:\/\/shaolinqigong.pl\/wp-content\/uploads\/2022\/10\/SHAOLIN-NEI-JIN-YI-ZHI-CHAN-cz.pdf\" class=\"wp-block-file__button wp-element-button\" download aria-describedby=\"wp-block-file--media-3ad69343-2a65-4c49-9bcf-19ad5544aca0\">Pobierz<\/a><\/div>\n\n\n\n<div class=\"wp-block-file\"><object class=\"wp-block-file__embed\" data=\"http:\/\/shaolinqigong.pl\/wp-content\/uploads\/2023\/07\/SHAOLIN-NEI-JIN-YI-ZHI-CHAN-CZESC-cz.II_.pdf\" type=\"application\/pdf\" style=\"width:100%;height:600px\" aria-label=\"Osadzone z SHAOLIN NEI JIN YI ZHI CHAN CZ\u0118\u015a\u0106 cz.II.\"><\/object><a id=\"wp-block-file--media-ae73aa79-647f-46f6-9381-201ffe238d85\" href=\"http:\/\/shaolinqigong.pl\/wp-content\/uploads\/2023\/07\/SHAOLIN-NEI-JIN-YI-ZHI-CHAN-CZESC-cz.II_.pdf\">SHAOLIN NEI JIN YI ZHI CHAN CZ\u0118\u015a\u0106 cz.II<\/a><a href=\"http:\/\/shaolinqigong.pl\/wp-content\/uploads\/2023\/07\/SHAOLIN-NEI-JIN-YI-ZHI-CHAN-CZESC-cz.II_.pdf\" class=\"wp-block-file__button wp-element-button\" download aria-describedby=\"wp-block-file--media-ae73aa79-647f-46f6-9381-201ffe238d85\">Pobierz<\/a><\/div>\n","protected":false},"excerpt":{"rendered":"","protected":false},"author":2,"featured_media":0,"parent":0,"menu_order":0,"comment_status":"closed","ping_status":"closed","template":"","meta":[],"_links":{"self":[{"href":"http:\/\/shaolinqigong.pl\/index.php?rest_route=\/wp\/v2\/pages\/1538"}],"collection":[{"href":"http:\/\/shaolinqigong.pl\/index.php?rest_route=\/wp\/v2\/pages"}],"about":[{"href":"http:\/\/shaolinqigong.pl\/index.php?rest_route=\/wp\/v2\/types\/page"}],"author":[{"embeddable":true,"href":"http:\/\/shaolinqigong.pl\/index.php?rest_route=\/wp\/v2\/users\/2"}],"replies":[{"embeddable":true,"href":"http:\/\/shaolinqigong.pl\/index.php?rest_route=%2Fwp%2Fv2%2Fcomments&post=1538"}],"version-history":[{"count":2,"href":"http:\/\/shaolinqigong.pl\/index.php?rest_route=\/wp\/v2\/pages\/1538\/revisions"}],"predecessor-version":[{"id":1546,"href":"http:\/\/shaolinqigong.pl\/index.php?rest_route=\/wp\/v2\/pages\/1538\/revisions\/1546"}],"wp:attachment":[{"href":"http:\/\/shaolinqigong.pl\/index.php?rest_route=%2Fwp%2Fv2%2Fmedia&parent=1538"}],"curies":[{"name":"wp","href":"https:\/\/api.w.org\/{rel}","templated":true}]}}