{"id":1061,"date":"2015-02-08T14:20:42","date_gmt":"2015-02-08T14:20:42","guid":{"rendered":"http:\/\/shaolinqigong.pl\/?page_id=1061"},"modified":"2019-07-31T10:19:59","modified_gmt":"2019-07-31T10:19:59","slug":"formy-z-bronia","status":"publish","type":"page","link":"http:\/\/shaolinqigong.pl\/?page_id=1061","title":{"rendered":"formy z broni\u0105"},"content":{"rendered":"<p><a href=\"http:\/\/shaolinqigong.pl\/wp-content\/uploads\/2015\/02\/SHAOLI\u0139-SKIE-SIERPY.pdf\">SHAOLI\u0139 SKIE SIERPY<\/a>\u00a0sierpy<\/p>\n<p><a href=\"http:\/\/shaolinqigong.pl\/wp-content\/uploads\/2015\/01\/SHAOLIN-DA-MO-ZHANG.pdf\">SHAOLIN DA MO ZHANG<\/a>\u00a0laska<\/p>\n<p><a href=\"http:\/\/shaolinqigong.pl\/wp-content\/uploads\/2014\/11\/SHAOLIN-YANG-JIA-QIANG.pdf\">SHAOLIN YANG JIA QIANG<\/a>\u00a0w\u0142\u00f3cznia<\/p>\n<p><a href=\"http:\/\/shaolinqigong.pl\/wp-content\/uploads\/2014\/11\/SHAOLIN-CHAN-ZHANG-GUN.pdf\">SHAOLIN CHAN ZHANG GUN<\/a>\u00a0lanca<\/p>\n<p><a href=\"http:\/\/shaolinqigong.pl\/wp-content\/uploads\/2014\/11\/SHAOLIN-YUE-YA-CHAN-shaoli\u0144ska-\u0142opata-buddyjskiego-mnicha.pdf\">SHAOLIN YUE YA CHAN &#8211; shaoli\u0144ska \u0142opata buddyjskiego mnicha<\/a><\/p>\n<p>miecz<\/p>\n<p><a href=\"http:\/\/shaolinqigong.pl\/wp-content\/uploads\/2013\/12\/SHAOLIN-DA-MO-JIAN-CZ\u0118\u015a\u0106-PIERWSZA.pdf\">SHAOLIN DA MO JIAN- CZ\u0118\u015a\u0106 PIERWSZA<\/a><\/p>\n<p><a href=\"http:\/\/shaolinqigong.pl\/wp-content\/uploads\/2013\/12\/SHAOLIN-DA-MO-JIAN-CZ\u0118\u015a\u0106-DRUGA.pdf\">SHAOLIN DA MO JIAN &#8211; CZ\u0118\u015a\u0106 DRUGA\u00a0<\/a><\/p>\n<p><a href=\"http:\/\/shaolinqigong.pl\/wp-content\/uploads\/2019\/07\/SHAOLIN-YIN-SHOU-GUN-1.pdf\">SHAOLIN YIN SHOU GUN (1)<\/a>\u00a0kij<\/p>\n","protected":false},"excerpt":{"rendered":"<p>SHAOLI\u0139 SKIE SIERPY\u00a0sierpy SHAOLIN DA MO ZHANG\u00a0laska SHAOLIN YANG JIA QIANG\u00a0w\u0142\u00f3cznia SHAOLIN CHAN ZHANG GUN\u00a0lanca SHAOLIN YUE YA CHAN &#8211; shaoli\u0144ska \u0142opata buddyjskiego mnicha miecz SHAOLIN DA MO JIAN- CZ\u0118\u015a\u0106 PIERWSZA SHAOLIN DA MO JIAN &#8211; CZ\u0118\u015a\u0106 DRUGA\u00a0 SHAOLIN YIN SHOU GUN (1)\u00a0kij<\/p>\n","protected":false},"author":2,"featured_media":0,"parent":38,"menu_order":2,"comment_status":"closed","ping_status":"closed","template":"","meta":[],"_links":{"self":[{"href":"http:\/\/shaolinqigong.pl\/index.php?rest_route=\/wp\/v2\/pages\/1061"}],"collection":[{"href":"http:\/\/shaolinqigong.pl\/index.php?rest_route=\/wp\/v2\/pages"}],"about":[{"href":"http:\/\/shaolinqigong.pl\/index.php?rest_route=\/wp\/v2\/types\/page"}],"author":[{"embeddable":true,"href":"http:\/\/shaolinqigong.pl\/index.php?rest_route=\/wp\/v2\/users\/2"}],"replies":[{"embeddable":true,"href":"http:\/\/shaolinqigong.pl\/index.php?rest_route=%2Fwp%2Fv2%2Fcomments&post=1061"}],"version-history":[{"count":10,"href":"http:\/\/shaolinqigong.pl\/index.php?rest_route=\/wp\/v2\/pages\/1061\/revisions"}],"predecessor-version":[{"id":1495,"href":"http:\/\/shaolinqigong.pl\/index.php?rest_route=\/wp\/v2\/pages\/1061\/revisions\/1495"}],"up":[{"embeddable":true,"href":"http:\/\/shaolinqigong.pl\/index.php?rest_route=\/wp\/v2\/pages\/38"}],"wp:attachment":[{"href":"http:\/\/shaolinqigong.pl\/index.php?rest_route=%2Fwp%2Fv2%2Fmedia&parent=1061"}],"curies":[{"name":"wp","href":"https:\/\/api.w.org\/{rel}","templated":true}]}}